Calculate the remainder when 16072809 is divided by 657.
618
What is the remainder when 120737 is divided by 6352?
49
What is the remainder when 58239 is divided by 1163?
89
What is the remainder when 37393 is divided by 3662?
773
What is the remainder when 30118072 is divided by 10039357?
1
Calculate the remainder when 267222 is divided by 66769.
146
Calculate the remainder when 19338603 is divided by 21.
18
What is the remainder when 207697 is divided by 68784?
1345
Calculate the remainder when 2808870 is divided by 1383.
1380
Calculate the remainder when 57801599 is divided by 10.
9
Calculate the remainder when 2030210 is divided by 1660.
30
What is the remainder when 110011 is divided by 256?
187
What is the remainder when 235541013 is divided by 24?
21
Calculate the remainder when 737069 is divided by 6879.
1016
What is the remainder when 742335 is divided by 1675?
310
Calculate the remainder when 27209559 is divided by 127.
63
What is the remainder when 819281 is divided by 35620?
21
What is the remainder when 63548 is divided by 14939?
3792
What is the remainder when 16146861 is divided by 2691129?
87
Calculate the remainder when 3585517 is divided by 597584.
13
Calculate the remainder when 135411340 is divided by 199.
198
Calculate the remainder when 237193 is divided by 13900.
893
What is the remainder when 7265290 is divided by 193?
191
Calculate the remainder when 484359251 is divided by 124.
123
What is the remainder when 211904 is divided by 105668?
568
Calculate the remainder when 207822 is divided by 69084.
570
What is the remainder when 472762 is divided by 52528?
10
What is the remainder when 757247 is divided by 50455?
422
What is the remainder when 74877919 is divided by 44?
39
What is the remainder when 7007518 is divided by 2958?
16
Calculate the remainder when 56447768 is divided by 44.
36
What is the remainder when 18290196 is divided by 257606?
170
Calculate the remainder when 3072691 is divided by 32.
19
Calculate the remainder when 69964 is divided by 2230.
834
What is the remainder when 11314530 is divided by 1690?
1670
Calculate the remainder when 3519857 is divided by 1169.
1167
Calculate the remainder when 319155 is divided by 2296.
11
What is the remainder when 951788 is divided by 135924?
320
Calculate the remainder when 10322429 is divided by 2064485.
4
What is the remainder when 492615 is divided by 106?
33
Calculate the remainder when 16901151 is divided by 47.
45
What is the remainder when 21502756 is divided by 1954788?
88
What is the remainder when 112719113 is divided by 28179776?
9
Calculate the remainder when 186940 is divided by 3056.
524
Calculate the remainder when 72730 is divided by 5019.
2464
Calculate the remainder when 20054 is divided by 9838.
378
What is the remainder when 46221637 is divided by 51?
31
What is the remainder when 31801915 is divided by 157?
152
Calculate the remainder when 11537611 is divided by 678677.
102
Calculate the remainder when 4254829104 is divided by 11.
9
What is the remainder when 622835 is divided by 4181?
4047
What is the remainder when 104800493 is divided by 229?
17
Calculate the remainder when 426738 is divided by 323.
55
What is the remainder when 82569788 is divided by 109?
108
Calculate the remainder when 202875117 is divided by 16.
13
Calculate the remainder when 491111 is divided by 3873.
3113
Calculate the remainder when 66715962 is divided by 98.
12
What is the remainder when 1571551 is divided by 104769?
16
What is the remainder when 101667 is divided by 31383?
7518
Calculate the remainder when 37324 is divided by 24.
4
Calculate the remainder when 9679206 is divided by 744553.
17
Calculate the remainder when 4522453 is divided by 9461.
95
Calculate the remainder when 8649110 is divided by 27.
11
What is the remainder when 530278 is divided by 21?
7
Calculate the remainder when 555186039 is divided by 47.
43
What is the remainder when 227628089 is divided by 491?
489
What is the remainder when 513540 is divided by 24412?
888
Calculate the remainder when 1786463 is divided by 6015.
8
What is the remainder when 226022 is divided by 1644?
794
Calculate the remainder when 17411 is divided by 5655.
446
What is the remainder when 2577642 is divided by 501?
498
What is the remainder when 199418 is divided by 8588?
1894
Calculate the remainder when 25362 is divided by 6178.
650
Calculate the remainder when 1068493 is divided by 1068135.
358
Calculate the remainder when 3168084 is divided by 1583943.
198
Calculate the remainder when 1018857 is divided by 4124.
229
What is the remainder when 14350047 is divided by 1299?
1293
Calculate the remainder when 7712 is divided by 3371.
970
What is the remainder when 457525 is divided by 120?
85
What is the remainder when 95167301 is divided by 2187?
2183
What is the remainder when 433967 is divided by 3528?
23
What is the remainder when 2360880 is divided by 470?
70
What is the remainder when 390068095 is divided by 116?
115
Calculate the remainder when 11514 is divided by 11514.
0
What is the remainder when 753248 is divided by 19314?
2
Calculate the remainder when 71172376 is divided by 7716.
7708
What is the remainder when 55260 is divided by 652?
492
What is the remainder when 5857248 is divided by 185?
148
What is the remainder when 22243635 is divided by 1033?
46
What is the remainder when 337923856 is divided by 662?
660
What is the remainder when 13697298 is divided by 3691?
3688
What is the remainder when 9442507 is divided by 13?
9
What is the remainder when 744260 is divided by 106322?
6
Calculate the remainder when 5695433 is divided by 711929.
1
What is the remainder when 152756 is divided by 2075?
1281
Calculate the remainder when 91588 is divided by 22871.
104
What is the remainder when 62328 is divided by 1712?
696
Calculate the remainder when 8203384 is divided by 446.
106
Calculate the remainder when 70409243 is divided by 1657.
1656
Calculate the remainder when 29169099 is divided by 6013.
36
What is the remainder when 1424473 is divided by 474774?
151
What is the remainder when 328054 is divided by 54?
4
Calculate the remainder when 119270 is divided by 29795.
90
Calculate the remainder when 7449895 is divided by 3724926.
43
Calculate the remainder when 4849357 is divided by 1212244.
381
Calculate the remainder when 87940 is divided by 17207.
1905
Calculate the remainder when 15664609 is divided by 806.
805
What is the remainder when 3161955 is divided by 1053883?
306
Calculate the remainder when 1565579 is divided by 1345.
1344
Calculate the remainder when 4870279 is divided by 2435033.
213
Calculate the remainder when 8960305 is divided by 1547.
81
Calculate the remainder when 61561531 is divided by 97.
93
Calculate the remainder when 2891320 is divided by 13.
3
Calculate the remainder when 891154 is divided by 675.
154
What is the remainder when 4612538 is divided by 5?
3
Calculate the remainder when 1687883 is divided by 4.
3
What is the remainder when 262960 is divided by 4300?
660
Calculate the remainder when 401442 is divided by 48.
18
Calculate the remainder when 9614640 is divided by 126.
84
Calculate the remainder when 302414 is divided by 270.
14
Calculate the remainder when 2182790 is divided by 333.
308
What is the remainder when 83660 is divided by 5960?
220
What is the remainder when 4646645 is divided by 8621?
8547
What is the remainder when 8309340 is divided by 13?
0
What is the remainder when 15643 is divided by 2545?
373
What is the remainder when 1588672 is divided by 63?
1
Calculate the remainder when 158906 is divided by 462.
440
Calculate the remainder when 101021687 is divided by 15.
2
What is the remainder when 1357563 is divided by 678727?
109
What is the remainder when 31402329 is divided by 337?
332
Calculate the remainder when 244398 is divided by 1733.
45
What is the remainder when 28015726 is divided by 1201?
1200
What is the remainder when 3210980 is divided by 802744?
4
Calculate the remainder when 28987 is divided by 9641.
64
What is the remainder when 9641799 is divided by 51?
45
Calculate the remainder when 20668949 is divided by 568.
565
Calculate the remainder when 722063 is divided by 639.
632
What is the remainder when 15558520 is divided by 12998?
12912
W